eds digit of 1334?
3
What is the tens digit of 892?
9
What is the hundreds digit of 5209?
2
What is the thousands digit of 1391?
1
What is the tens digit of 14584?
8
What is the ten thousands digit of 53933?
5
What is the thousands digit of 11248?
1
What is the tens digit of 719?
1
What is the hundreds digit of 3691?
6
What is the hundreds digit of 5758?
7
What is the hundreds digit of 1035?
0
What is the hundreds digit of 710?
7
What is the tens digit of 121?
2
What is the hundreds digit of 113774?
7
What is the hundreds digit of 2606?
6
What is the ten thousands digit of 19526?
1
What is the units digit of 602?
2
What is the units digit of 408?
8
What is the hundreds digit of 4572?
5
What is the thousands digit of 1131?
1
What is the units digit of 1789?
9
What is the ten thousands digit of 10629?
1
What is the hundreds digit of 465?
4
What is the tens digit of 4321?
2
What is the units digit of 9454?
4
What is the hundreds digit of 62955?
9
What is the units digit of 4679?
9
What is the hundreds digit of 4263?
2
What is the hundreds digit of 33762?
7
What is the tens digit of 363?
6
What is the units digit of 12466?
6
What is the thousands digit of 1679?
1
What is the hundreds digit of 2812?
8
What is the tens digit of 3124?
2
What is the thousands digit of 3359?
3
What is the tens digit of 541?
4
What is the tens digit of 1753?
5
What is the hundreds digit of 26618?
6
What is the hundreds digit of 5974?
9
What is the units digit of 247?
7
What is the hundreds digit of 2580?
5
What is the thousands digit of 17943?
7
What is the units digit of 20578?
8
What is the tens digit of 3740?
4
What is the tens digit of 35769?
6
What is the units digit of 2923?
3
What is the tens digit of 29903?
0
What is the tens digit of 2531?
3
What is the thousands digit of 34591?
4
What is the units digit of 4164?
4
What is the units digit of 13931?
1
What is the thousands digit of 32434?
2
What is the tens digit of 3728?
2
What is the tens digit of 1296?
9
What is the thousands digit of 3677?
3
What is the units digit of 3653?
3
What is the tens digit of 5671?
7
What is the thousands digit of 8695?
8
What is the tens digit of 4925?
2
What is the units digit of 55?
5
What is the thousands digit of 5278?
5
What is the hundreds digit of 168736?
7
What is the units digit of 729?
9
What is the tens digit of 3923?
2
What is the tens digit of 10748?
4
What is the hundreds digit of 76352?
3
What is the tens digit of 14817?
1
What is the hundreds digit of 15873?
8
What is the thousands digit of 10035?
0
What is the units digit of 69924?
4
What is the ten thousands digit of 56452?
5
What is the hundreds digit of 618?
6
What is the units digit of 372?
2
What is the tens digit of 38090?
9
What is the tens digit of 12076?
7
What is the tens digit of 1160?
6
What is the tens digit of 4908?
0
What is the units digit of 1223?
3
What is the hundreds digit of 469?
4
What is the units digit of 10191?
1
What is the tens digit of 2027?
2
What is the hundreds digit of 969?
9
What is the ten thousands digit of 90402?
9
What is the hundreds digit of 889?
8
What is the units digit of 116?
6
What is the hundreds digit of 1574?
5
What is the ten thousands digit of 40596?
4
What is the units digit of 443?
3
What is the hundreds digit of 42799?
7
What is the hundreds digit of 9621?
6
What is the hundreds digit of 611?
6
What is the units digit of 540?
0
What is the tens digit of 996?
9
What is the units digit of 1232?
2
What is the units digit of 35?
5
What is the thousands digit of 20575?
0
What is the thousands digit of 96911?
6
What is the ten thousands digit of 102442?
0
What is the thousands digit of 4319?
4
What is the tens digit of 82900?
0
What is the thousands digit of 3661?
3
What is the tens digit of 4647?
4
What is the hundreds digit of 20411?
4
What is the hundreds digit of 5919?
9
What is the thousands digit of 2086?
2
What is the ten thousands digit of 56906?
5
What is the thousands digit of 2785?
2
What is the hundreds digit of 28642?
6
What is the hundreds digit of 955?
9
What is the ten thousands digit of 14830?
1
What is the thousands digit of 1075?
1
What is the tens digit of 32661?
6
What is the tens digit of 2108?
0
What is the tens digit of 3009?
0
What is the hundreds digit of 8992?
9
What is the units digit of 19535?
5
What is the tens digit of 1277?
7
What is the thousands digit of 13687?
3
What is the tens digit of 9110?
1
What is the hundreds digit of 3904?
9
What is the thousands digit of 49854?
9
What is the units digit of 8291?
1
What is the hundreds digit of 2096?
0
What is the hundreds digit of 841?
8
What is the hundreds digit of 4082?
0
What is the units digit of 496?
6
What is the ten thousands digit of 64491?
6
What is the hundreds digit of 101545?
5
What is the hundreds digit of 23949?
9
What is the ten thousands digit of 42333?
4
What is the hundreds digit of 688?
6
What is the tens digit of 632?
3
What is the units digit of 22855?
5
What is the hundreds digit of 13329?
3
What is the tens digit of 2522?
2
What is the units digit of 991?
1
What is the hundreds digit of 67748?
7
What is the units digit of 16398?
8
What is the tens digit of 32837?
3
What is the units digit of 17252?
2
What is the units digit of 3916?
6
What is the thousands digit of 11335?
1
What is the units digit of 3696?
6
What is the hundreds digit of 15529?
5
What is the tens digit of 3617?
1
What is the units digit of 35479?
9
What is the tens digit of 93615?
1
What is the units digit of 3384?
4
What is the ten thousands digit of 17023?
1
What is the units digit of 31023?
3
What is the units digit of 5447?
7
What is the units digit of 10956?
6
What is the units digit of 6271?
1
What is the units digit of 8523?
3
What is the ten thousands digit of 55861?
5
What is the hundreds digit of 68735?
7
What is the tens digit of 5206?
0
What is the tens digit of 15525?
2
What is the tens digit of 40791?
9
What is the tens digit of 4528?
2
What is the ten thousands digit of 20698?
2
What is the hundreds digit of 3436?
4
What is the units digit of 1750?
0
What is the thousands digit of 114564?
4
What is the thousands digit of 46003?
6
What is the ten thousands digit of 27668?
2
What is the hundreds digit of 15844?
8
What is the units digit of 27547?
7
What is the ten thousands digit of 15903?
1
What is the units digit of 1603?
3
What is the ten thousands digit of 14729?
1
What is the ten thousands digit of 108954?
0
What is the hundreds digit of 516?
5
What is the units digit of 202?
2
What is the ten thousands digit of 11161?
1
What is the units digit of 7293?
3
What is the tens digit of 19550?
5
What is the units digit of 573?
3
What is the thousands digit of 3127?
3
What is the units digit of 1373?
3
What is the hundreds digit of 2804?
8
What is the tens digit of 18735?
3
What is the thousands digit of 3392?
3
What is the tens digit of 1625?
2
What is the hundreds digit of 29384?
3
What is the units digit of 101473?
3
What is the ten thousands digit of 14609?
1
What is the tens digit of 3169?
6
What is the hundreds digit of 1551?
5
What is the hundreds digit of 15407?
4
What is the tens digit of 253?
5
What is the ten thousands digit of 14954?
1
What is the units digit of 31966?
6
What is the hundreds digit of 164687?
6
What is the tens digit of 2472?
7
What is the ten thousands digit of 13340?
1
What is the thousands digit of 127034?
7
What is the hundreds digit of 948?
9
What is the units digit of 4135?
5
What is the hundreds digit of 12993?
9
What is the units digit of 363?
3
What is the units digit of 3257?
7
What is the ten thousands digit of 26222?
2
What is the hundreds digit of 5572?
5
What is the units digit of 30460?
0
What is the ten thousands digit of 20238?
2
What is the hundreds digit of 298?
2
What is the thousands digit of 1284?
1
What is the tens digit of 9023?
2
What is the ten thousands digit of 120845?
2
What is the hundreds digit of 1430?
4
What is the thousands digit of 43091?
3
What is the hundreds digit of 772?
7
What is the ten thousands digit of 90618?
9
What is the units digit of 518?
8
What is the tens digit of 3532?
3
What is the units digit of 4558?
8
What is the units digit of 10343?
3
What is the hundreds digit of 67268?
2
What is the units digit of 1781